61009427?
1217, 50131
What are the prime factors of 7504178?
2, 11, 2819
List the prime factors of 1001980877.
241, 1847, 2251
What are the prime factors of 834130917?
3, 92681213
What are the prime factors of 2090596065?
3, 5, 71, 1963001
List the prime factors of 103550977.
61, 149, 11393
What are the prime factors of 626336146?
2, 367, 853319
List the prime factors of 40385050.
2, 5, 61, 13241
What are the prime factors of 2137389284?
2, 109, 4902269
What are the prime factors of 2995084245?
3, 5, 151, 1322333
What are the prime factors of 938767129?
2843, 330203
What are the prime factors of 18534742?
2, 9267371
What are the prime factors of 26758054?
2, 71, 188437
What are the prime factors of 133165487?
7, 13, 349, 599
What are the prime factors of 476715047?
199, 487, 4919
List the prime factors of 67881978.
2, 3, 41, 59, 1559
What are the prime factors of 628536493?
13, 1439, 33599
What are the prime factors of 66795783?
3, 22265261
List the prime factors of 73833249.
3, 7, 59, 8513
What are the prime factors of 52565513?
7, 11, 13, 17, 3089
What are the prime factors of 16350843?
3, 5450281
What are the prime factors of 54120415?
5, 127, 85229
What are the prime factors of 977654557?
11, 19, 701, 6673
List the prime factors of 462191036.
2, 17, 19, 357733
List the prime factors of 26625460.
2, 5, 19, 70067
What are the prime factors of 68515241?
379, 180779
What are the prime factors of 2213578167?
3, 23, 839, 38237
List the prime factors of 1294398544.
2, 109, 742201
List the prime factors of 817079083.
7477, 109279
List the prime factors of 59310851.
47, 1261933
List the prime factors of 93325911.
3, 7, 4444091
What are the prime factors of 152320231?
7, 37, 139, 4231
What are the prime factors of 3400645287?
3, 13, 87196033
List the prime factors of 196283650.
2, 5, 199, 19727
List the prime factors of 27974103.
3, 157, 59393
What are the prime factors of 39252944?
2, 31, 79139
What are the prime factors of 3502090845?
3, 5, 11, 7074931
List the prime factors of 83887387.
83887387
List the prime factors of 56775811.
61, 109, 8539
What are the prime factors of 1870987996?
2, 103, 4541233
What are the prime factors of 174869038?
2, 17, 59, 179, 487
List the prime factors of 3808175674.
2, 149, 661, 19333
List the prime factors of 1573810171.
167, 439, 21467
List the prime factors of 1050010906.
2, 7, 71, 150907
What are the prime factors of 43542871?
2351, 18521
What are the prime factors of 1051164743?
1051164743
List the prime factors of 429598344.
2, 3, 7, 29, 88177
List the prime factors of 19667217.
3, 1301, 5039
What are the prime factors of 4103037537?
3, 29, 47, 1003433
List the prime factors of 1828462120.
2, 5, 45711553
List the prime factors of 175538880.
2, 3, 5, 11, 1847
What are the prime factors of 244795155?
3, 5, 11, 17, 197, 443
List the prime factors of 347456495.
5, 1361, 51059
What are the prime factors of 652118538?
2, 3, 17, 6393319
List the prime factors of 225652073.
113, 353, 5657
List the prime factors of 747705892.
2, 47, 3977159
List the prime factors of 106923612.
2, 3, 8910301
What are the prime factors of 28721724?
2, 3, 89, 26893
What are the prime factors of 273354310?
2, 5, 23, 263, 4519
What are the prime factors of 171913558?
2, 19, 67, 67523
List the prime factors of 2074224015.
3, 5, 19, 911, 2663
List the prime factors of 614089917.
3, 7, 4457
What are the prime factors of 9814082?
2, 4907041
List the prime factors of 4897026249.
3, 193, 8457731
What are the prime factors of 2818040378?
2, 4813, 292753
List the prime factors of 26492981.
1019, 25999
List the prime factors of 5877961374.
2, 3, 23, 42593923
What are the prime factors of 26470675?
5, 7, 11, 13751
List the prime factors of 4528920800.
2, 5, 23, 101, 2437
What are the prime factors of 595354792?
2, 139, 535391
What are the prime factors of 64510515?
3, 5, 23, 157, 397
List the prime factors of 965654842.
2, 17, 271, 104803
List the prime factors of 59856652.
2, 1451, 10313
What are the prime factors of 313596826?
2, 156798413
What are the prime factors of 940733168?
2, 19, 401, 7717
What are the prime factors of 44527878?
2, 3, 167, 14813
List the prime factors of 103613102.
2, 139, 372709
List the prime factors of 1931859569.
61, 31669829
What are the prime factors of 2296707904?
2, 1327, 27043
List the prime factors of 368209359.
3, 7, 61, 95813
What are the prime factors of 30491627?
83, 367369
What are the prime factors of 1767191345?
5, 353438269
What are the prime factors of 7043806599?
3, 2347935533
List the prime factors of 490781491.
31, 97, 227, 719
What are the prime factors of 137801610?
2, 3, 5, 1531129
What are the prime factors of 651041919?
3, 11, 1049, 6269
What are the prime factors of 28454915?
5, 5690983
List the prime factors of 43676458.
2, 7, 31, 157, 641
What are the prime factors of 68875805?
5, 709, 19429
List the prime factors of 170350330.
2, 5, 3917, 4349
List the prime factors of 19535510.
2, 5, 23, 157, 541
List the prime factors of 1108470431.
17, 19, 3431797
List the prime factors of 79268432.
2, 4954277
List the prime factors of 1086273435.
3, 5, 13, 5570633
What are the prime factors of 1505358293?
229, 6573617
What are the prime factors of 354879203?
7, 1427, 35527
What are the prime factors of 6209873169?
3, 17, 121762219
List the prime factors of 8339247.
3, 7, 44123
List the prime factors of 5143484465.
5, 7, 541, 271639
What are the prime factors of 2099136662?
2, 7, 149938333
What are the prime factors of 45200943?
3, 17, 19, 71, 73
What are the prime factors of 590295708?
2, 3, 59, 92639
List the prime factors of 202552857.
3, 13, 1731221
List the prime factors of 35097175.
5, 1403887
List the prime factors of 310307838.
2, 3, 1931, 26783
List the prime factors of 70528845.
3, 5, 37, 127079
What are the prime factors of 165142476?
2, 3, 509699
What are the prime factors of 108037769?
7, 15433967
What are the prime factors of 5978616?
2, 3, 7, 19, 1873
What are the prime factors of 517458941?
877, 590033
What are the prime factors of 317962013?
317962013
List the prime factors of 347896827.
3, 23, 281, 5981
What are the prime factors of 47180686?
2, 7, 19, 83, 2137
List the prime factors of 64390474.
2, 3037, 10601
List the prime factors of 1960459969.
13, 150804613
List the prime factors of 198347870.
2, 5, 7, 2833541
List the prime factors of 144285178.
2, 72142589
List the prime factors of 4502944400.
2, 5, 37, 304253
List the prime factors of 133140785.
5, 26628157
What are the prime factors of 1417626573?
3, 11, 953, 45077
List the prime factors of 91711403.
7, 13101629
What are the prime factors of 197561237?
23, 8589619
What are the prime factors of 2539769328?
2, 3, 53, 332779
What are the prime factors of 1688577556?
2, 4423, 95443
What are the prime factors of 279958138?
2, 139979069
List the prime factors of 30191393.
151, 179, 1117
What are the prime factors of 1012378581?
3, 59, 241, 293
What are the prime factors of 244839573?
3, 11, 2473127
List the prime factors of 2255253449.
2069, 1090021
What are the prime factors of 5385464849?
61, 89, 991981
What are the prime factors of 4856041?
1091, 4451
What are the prime factors of 2168439144?
2, 3, 19, 4755349
List the prime factors of 2363076989.
7, 13, 853, 4349
List the prime factors of 595416341.
13, 23, 1991359
List the prime factors of 2251785252.
2, 3, 17, 11038163
What are the prime factors of 126027313?
126027313
What are the prime factors of 2112821743?
2112821743
List the prime factors of 712802755.
5, 7, 83, 35053
List the prime factors of 120757937.
1031, 117127
List the prime factors of 97967983.
41, 2389463
List the prime factors of 1508434605.
3, 5, 19, 1764251
What are the prime factors of 3928986?
2, 3, 79, 307
What are the prime factors of 4779095309?
4779095309
What are the prime factors of 100115974?
2, 7, 7151141
List the prime factors of 149097993.
3, 11, 4518121
What are the prime factors of 9924028?
2, 1301, 1907
What are the prime factors of 289928367?
3, 32214263
What are the prime factors of 64780627?
23, 2816549
What are the prime factors of 6344197?
313, 20269
List the prime factors of 77643217.
41, 1893737
What are the prime factors of 23631497?
19, 367, 3389
What are the prime factors of 67486896